= -26*i. Let o(n) = 3*h(n) - 16*j(n). Suppose 39 = 10*t + 9. Calculate o(t).
6
Let t(b) be the third derivative of b**5/30 - b**4/24 - b**3/6 + 10*b**2. Calculate t(-2).
9
Let c be (7/(-3) + 2)*-6. Let o = c - -2. Let a(l) = 10 - l + l - l - 5. Determine a(o).
1
Let s be (-6)/(-4)*16/12. Let r be 2*(5/s - 0). Let q(v) = -2*v + 3*v**2 + 5 - 5*v - 2*v**2. What is q(r)?
-5
Let k(i) = -i**2 + 13. Suppose 0 = 3*z - 9*z. Give k(z).
13
Let k(n) = -n - 6. Suppose -g - 5 = -0*g. Let i be k(g). Let x be i/((-3)/(-12)) - -2. Let p(z) = -z**3 - 2*z**2 + 2*z + 1. Calculate p(x).
-3
Let f be (-7 + -1)*(-12)/(-16). Let i be 2/f + (-22)/6. Let x(j) = j**3 + 5*j**2 + 5*j - 1. What is x(i)?
-5
Let n(d) be the first derivative of -d**4/6 - d**3/2 - d**2/2 + 6*d + 1. Let s(t) be the first derivative of n(t). Calculate s(-2).
-3
Let w(t) = t. Let z(r) = 9. Let h(u) = -w(u) - z(u). Calculate h(-7).
-2
Let c(k) be the third derivative of -7*k**4/24 - k**3/3 - k**2. Calculate c(2).
-16
Let o(d) = d + 2. Let r be o(4). Let n(g) = 5*g + 4*g + r - 8*g. Let l(m) = -m**2 - 6*m + 2. Let z be l(-7). Give n(z).
1
Suppose 3 + 17 = -5*n. Suppose 2 = i - 1. Let x(h) = -h + 2*h - 5 + i*h**2 - 2*h**2. Calculate x(n).
7
Let u be (-1)/(-2) - 5/2. Let w be 5/10 - (-9)/2. Let h = w + u. Let p(j) = j**3 - 3*j**2 + j + 2. Give p(h).
5
Let p(r) = -r**2 + 5*r + 8. Suppose 4*w = 7*w - 18. Determine p(w).
2
Let d(b) = 3*b**3 + 5*b**2 - 3*b + 2. Let g(s) = -8*s**3 - 14*s**2 + 8*s - 6. Let m(n) = -11*d(n) - 4*g(n). Calculate m(3).
-13
Let m(h) = h - 3. Suppose -22 + 7 = 5*q. What is m(q)?
-6
Let x(t) = 3 + 4*t - 5*t - 2*t + 2*t. Suppose -2*q + 4*q = 14. Give x(q).
-4
Let d(k) = -5 + 7*k**3 + 4*k**2 + 2 - 6*k**3. Determine d(-4).
-3
Let f(l) be the third derivative of 0*l + 1/12*l**4 + 0 + 1/2*l**3 - l**2 - 1/60*l**5. Suppose -5*p - 2 = -22. Calculate f(p).
-5
Let z(l) = -l**3 - 57 + 3*l - l**2 + 55 - 3*l**2. What is z(-5)?
8
Let i(s) be the second derivative of -s**6/720 - s**4/6 - s. Let a(j) be the third derivative of i(j). Give a(4).
-4
Let x(a) = a**2 + 10*a + 12. Let u be x(-9). Let t(h) = -1 + 2*h**3 - h**u - 3 - 1 - 4*h**2. Determine t(4).
-5
Suppose 3*s - 3*v = 0, -2*v + 12 = s + 3*s. Let k(f) = -2*f**3 + f**2 + 2*f + 1. Determine k(s).
-7
Let k be 1 - (-3)/(1 - 0). Let g be (-2)/(-6)*(5 + -2). Let z(w) = -2*w + 2 - 4*w**2 - k*w + w**3 - g. What is z(5)?
-4
Let o(t) = t**3 - t**2 - t. Suppose -3*u = 10 - 13. What is o(u)?
-1
Let f = 8 + -3. Suppose f*c - 4 = 11, -z - 10 = -3*c. Let q(s) be the second derivative of 7*s**3/6 + s**2/2 - 2*s. Give q(z).
-6
Let c be (1/2)/(5/50). Let p = 8 - c. Let y(b) = 4 - 1 - 1 + 4 + p*b. Calculate y(-4).
-6
Let q(g) be the third derivative of 5*g**4/12 + g**3/3 - 17*g**2. Determine q(-2).
-18
Let q(t) = -4*t + 11. Let y(z) = -2*z + 6. Let m(v) = -6*q(v) + 11*y(v). Determine m(-2).
-4
Suppose m = -2*m + 6. Let u(y) be the third derivative of 1/120*y**6 + 0*y + 0*y**4 + 0 + 0*y**5 - 1/3*y**3 + 4*y**2. What is u(m)?
6
Suppose -2 + 12 = -2*f - 4*p, -20 = 4*p. Let m(n) = -4*n + f*n + 2*n - 2*n - 9. Determine m(0).
-9
Let z(v) be the first derivative of -3*v**4/4 + v**3/3 - v**2 + v - 5. Determine z(1).
-3
Let h(j) be the first derivative of 7 - 1/3*j**3 + 3*j**2 - 4*j. Determine h(3).
5
Suppose 5*t + 26 = 3*v, -4*v - 6 = 5*t + 6. Let k(n) = n**3 + 4*n**2 + 3*n - 5. Determine k(t).
-17
Let b(v) = v**2 + v. Let f(w) = w**3 + 4. Let i(s) = -b(s) + f(s). Determine i(0).
4
Let b(n) = -n**2 - 5*n - 3. Let g be b(-2). Suppose -g*s = -0*s - 6. Let r(z) = -z**3 + z**2 + s*z**3 + 2*z**2 + 1 - z. Determine r(-4).
-11
Let h(b) = -b**2 + 5*b + 2. Let v be h(4). Suppose -w + v*g = g - 3, 0 = 4*w + g - 12. Let f(k) = 3*k - 2. Give f(w).
7
Suppose 2*u + 3*g = 3*u + 4, -44 = -5*u - g. Let v(r) = r**3 - 8*r**2 + 2*r - 8. What is v(u)?
8
Suppose -5*a + 14 = -11. Let j(v) = 19*v + v**3 - 7 - 18*v + 5*v**2 - 2*v**3. Determine j(a).
-2
Suppose 3*c - 1 + 4 = 0. Let g(q) = q. Let j(y) = -8 + 2*y + 2 + 0*y. Let f(h) = c*j(h) + 3*g(h). What is f(-5)?
1
Let f(m) = 2*m**2 - 4. Let j be f(0). Let y(i) = i**3 + 5*i**2 + 5*i + 3. Determine y(j).
-1
Let i(x) be the third derivative of 0 + 0*x + 5*x**2 + 1/3*x**3 + 1/6*x**4. Determine i(-2).
-6
Let j(d) be the third derivative of 0*d + 0*d**3 + 1/24*d**4 - 3*d**2 + 0. What is j(-1)?
-1
Let s(i) = i**2 - 2*i - 4. Let r be 4 + 25/20 + 2/(-8). Calculate s(r).
11
Suppose s - 3 = -0*s. Let x(m) = 3*m**3 - 4 - m**2 + m - 4*m**s + 0*m. Let t = 1 + -1. Determine x(t).
-4
Let i(k) = -k + 13 + k**2 - 5*k - 8 - 6. What is i(6)?
-1
Let p(a) = 8*a**3 - 2*a + 1. Let h(u) be the second derivative of u**3/3 - 7*u**2/2 - 2*u. Let v be h(4). Calculate p(v).
7
Let n(u) = 4*u - 3. Let t(d) = 3*d - 2. Let g(b) = -5*n(b) + 8*t(b). Let l(k) = -k**2 - 2*k + 4. Let v = -2 - 1. Let f be l(v). What is g(f)?
3
Suppose 4*r - 3*r + 3 = 0, -u - r = -47. Suppose 5 = -x + 3*x - h, -u = -5*x - 5*h. Suppose -x*d + 0*d + 20 = 0. Let o(n) = n**2 - 6*n + 2. What is o(d)?
-6
Let f = -2 + 8. Let q(d) = d**2 - 4*d - 8. Determine q(f).
4
Let o(j) = j - 1. Let p(u) = -2*u + 6. Let q(n) = -3*o(n) - p(n). Let w be 3/6*-1*(-1 - -1). Calculate q(w).
-3
Let w(u) = -u + 2. Let v = 4 - 12. Let y = v + 11. Let g = y - 1. Give w(g).
0
Let x(g) = -2*g + 4. Suppose -2*j - 16 = 4*a - 0*a, -a - 26 = -5*j. Calculate x(a).
16
Suppose -c - 2*h + 1 = 0, 5*h - 4*h + 2 = 2*c. Let b(f) = -2*f**3 + 3*f**2 + f + 5. Let r(n) = n**3 + n**2 + 1. Let p(s) = -b(s) + 5*r(s). Give p(c).
8
Let n(s) = s**2 - 6*s. Let g be n(6). Suppose -4*i = i + 5*y + 10, -3*i = -2*y - 4. Let r(l) = l + i + 2 + g*l. Calculate r(5).
7
Let z = -4 + 9. Suppose -5 = -4*r - z*t + 4, -2*r - 3 = 5*t. Let u(b) = -b**2 + 8*b - 6. Calculate u(r).
6
Let h be 2/8 - 76/(-16). Suppose h*r = n - 8, r - 2*r - 4 = -n. Let z(x) = 3 + 2 - 2 - x + n - x**2. Determine z(0).
6
Let s(g) = g**3 + 7*g**2 + 2*g + 7. Let w be (-14)/3*6/4. Calculate s(w).
-7
Let w = 7 + -2. Let m(o) be the second derivative of -o**5/60 + 5*o**4/24 + o**3/3 + o. Let b(q) be the second derivative of m(q). Determine b(w).
-5
Let n = 5 + -7. Suppose -4*p + 3 = -3*j, -2*p - p - 4 = 4*j. Let z be 0 - -1*(p + n). Let f(x) = 3*x + 3. Calculate f(z).
-3
Let q(g) be the third derivative of -g**5/60 - g**3/6 - 3*g**2. Let z be q(2). Let l(s) = -s**2 - 8*s - 3. Calculate l(z).
12
Let d = -88 - -91. Let u(b) be the third derivative of -b**7/5040 + b**6/240 - b**5/60 + b**2. Let s(y) be the third derivative of u(y). What is s(d)?
0
Suppose 0 = 2*c - 0*y - y - 7, -5*c + 16 = -3*y. Let f(w) = w - 9. Calculate f(c).
-4
Let j = -140 - -145. Let n(s) be the first derivative of -1/2*s**2 - 4 + j*s. Determine n(6).
-1
Let z(c) = c - 8. Let j be z(9). Suppose i - 2 = j. Let x = 0 - i. Let k(f) = f**2 + 5*f + 2. What is k(x)?
-4
Let r(b) = -438*b + 438*b + 1 - 11*b**2. Give r(1).
-10
Let j(v) = -2 + 20*v + 0 - 1 + 0. Let c(h) = -7*h + 1. Let n(i) = -17*c(i) - 6*j(i). Calculate n(6).
-5
Let l = 18 + -14. Let v(h) = h - 3. Determine v(l).
1
Suppose -2*x = 3*x - 2*t - 104, -5*x + 3*t = -106. Suppose 3*w - x = -w. Let k(m) = -m**3 + 6*m**2 - 2*m - 4. What is k(w)?
11
Let b = 6 + 18. Let u be (9/(-12))/((-9)/b). Let x(t) = -t**2 + 2*t - 1. Give x(u).
-1
Suppose -2*m - 3*m - z - 12 = 0, -z - 2 = 0. Let u(d) be the third derivative of d**6/60 + d**5/60 - d**4/12 - 2*d**2. What is u(m)?
-8
Let t(y) = -y**3 - y**2 - y - 1. Let l be t(-2). Let c(a) = -1 - 3*a**3 + a + 0*a + 3*a**2 + l*a**3. Let g = -5 - -3. Determine c(g).
-7
Suppose -2*x + x = -2. Let b(y) = 0*y - 2*y**3 - 2 + 0*y**3 + 2*y**x + 2*y + 3*y**3. What is b(-2)?
-6
Let o(c) be the second derivative of -c**3/6 + c**2/2 + 7*c - 2. What is o(4)?
-3
Let h(p) be the second derivative of p**4/12 + p**3 - 5*p**2/2 + 2*p. Let y be h(-6). Let k(g) = -19*g**2 + 10*g**2 - g**3 - 3 - 7*g + 3*g**2. Calculate k(y).
7
Let s(r) = -r**2 - r - 6. Let g(w) = -2*w + 44. Let f be g(22). Calculate s(f).
-6
Let z(y) = -4 + 3*y + 2*y - 1 - y**2 + 4. Let c be z(5). Let m(i) = 5*i**3 - i**2 - i - 1. What is m(c)?
-6
Let f = -10 + 11. Let v(b) be the third derivative of b**5/10 - b**4/24 - b**3/6 - 2*b**2. Let x(q) = 6*q**2 - 2*q - 1. Let n(c) = 3*v(c) - 2*x(c). Give n(f).
6
Let p be 4/6*18/4. Let b(m) = 0*m - 13*m + m**p + 9 + 7*m - 5*m**2. Determine b(6).
9
Le